{"id":1383,"date":"2026-02-13T20:00:46","date_gmt":"2026-02-13T19:00:46","guid":{"rendered":"https:\/\/serwer1830253.home.pl\/autoinstalator\/wordpressplugins\/?page_id=1383"},"modified":"2026-02-13T22:42:34","modified_gmt":"2026-02-13T21:42:34","slug":"kontakt","status":"publish","type":"page","link":"https:\/\/legendarni.com\/index.php\/kontakt\/","title":{"rendered":"Kontakt"},"content":{"rendered":"\t\t<div data-elementor-type=\"wp-page\" data-elementor-id=\"1383\" class=\"elementor elementor-1383\">\n\t\t\t\t<div class=\"elementor-element elementor-element-4681639 e-flex e-con-boxed e-con e-parent\" data-id=\"4681639\" data-element_type=\"container\">\n\t\t\t\t\t<div class=\"e-con-inner\">\n\t\t<div class=\"elementor-element elementor-element-af8a200 e-con-full e-flex e-con e-child\" data-id=\"af8a200\" data-element_type=\"container\">\n\t\t\t\t<div class=\"elementor-element elementor-element-753ba45 elementor-widget elementor-widget-heading\" data-id=\"753ba45\" data-element_type=\"widget\" data-widget_type=\"heading.default\">\n\t\t\t\t<div class=\"elementor-widget-container\">\n\t\t\t\t\t<h3 class=\"elementor-heading-title elementor-size-default\">Sprawy organizacyjne i administracyjne<\/h3>\t\t\t\t<\/div>\n\t\t\t\t<\/div>\n\t\t\t\t<div class=\"elementor-element elementor-element-7a7da3f elementor-widget elementor-widget-text-editor\" data-id=\"7a7da3f\" data-element_type=\"widget\" data-widget_type=\"text-editor.default\">\n\t\t\t\t<div class=\"elementor-widget-container\">\n\t\t\t\t\t\t\t\t\t<p><em>Zapisy do klubu, zapisy na obozy i p\u00f3\u0142kolonie, faktury, kadry, marketing, windykacja<\/em><\/p><p><strong>Marta Marci\u0144ska<\/strong><\/p><p>+48 503 181 152<br \/>marta.marcinska@legendarni.com<\/p>\t\t\t\t\t\t\t\t<\/div>\n\t\t\t\t<\/div>\n\t\t\t\t<\/div>\n\t\t<div class=\"elementor-element elementor-element-30d85ce e-con-full e-flex e-con e-child\" data-id=\"30d85ce\" data-element_type=\"container\">\n\t\t\t\t<div class=\"elementor-element elementor-element-192bc72 elementor-widget elementor-widget-heading\" data-id=\"192bc72\" data-element_type=\"widget\" data-widget_type=\"heading.default\">\n\t\t\t\t<div class=\"elementor-widget-container\">\n\t\t\t\t\t<h3 class=\"elementor-heading-title elementor-size-default\">Sprawy sportowe\n<\/h3>\t\t\t\t<\/div>\n\t\t\t\t<\/div>\n\t\t\t\t<div class=\"elementor-element elementor-element-4030f06 elementor-widget elementor-widget-text-editor\" data-id=\"4030f06\" data-element_type=\"widget\" data-widget_type=\"text-editor.default\">\n\t\t\t\t<div class=\"elementor-widget-container\">\n\t\t\t\t\t\t\t\t\t<p><em>Metodyka treningowa, dopasowanie zawodnik\u00f3w do grup, rekrutacja trener\u00f3w<\/em><\/p>\n<p><strong>Daniel Marci\u0144ski<\/strong><\/p>\n<p>+48 508 360 510<br>daniel.marcinski@legendarni.com<\/p>\t\t\t\t\t\t\t\t<\/div>\n\t\t\t\t<\/div>\n\t\t\t\t<\/div>\n\t\t\t\t\t<\/div>\n\t\t\t\t<\/div>\n\t\t<div class=\"elementor-element elementor-element-3b457fd e-flex e-con-boxed e-con e-parent\" data-id=\"3b457fd\" data-element_type=\"container\">\n\t\t\t\t\t<div class=\"e-con-inner\">\n\t\t<div class=\"elementor-element elementor-element-98db271 e-con-full e-flex e-con e-child\" data-id=\"98db271\" data-element_type=\"container\">\n\t\t\t\t<div class=\"elementor-element elementor-element-1affcda elementor-widget elementor-widget-google_maps\" data-id=\"1affcda\" data-element_type=\"widget\" data-widget_type=\"google_maps.default\">\n\t\t\t\t<div class=\"elementor-widget-container\">\n\t\t\t\t\t\t\t<div class=\"elementor-custom-embed\">\n\t\t\t<iframe loading=\"lazy\"\n\t\t\t\t\tsrc=\"https:\/\/maps.google.com\/maps?q=%C5%9Awi%C4%99tokrzyska%2025%2F117%2C%20Gda%C5%84sk&#038;t=m&#038;z=15&#038;output=embed&#038;iwloc=near\"\n\t\t\t\t\ttitle=\"\u015awi\u0119tokrzyska 25\/117, Gda\u0144sk\"\n\t\t\t\t\taria-label=\"\u015awi\u0119tokrzyska 25\/117, Gda\u0144sk\"\n\t\t\t><\/iframe>\n\t\t<\/div>\n\t\t\t\t\t\t<\/div>\n\t\t\t\t<\/div>\n\t\t\t\t<\/div>\n\t\t<div class=\"elementor-element elementor-element-33d0666 e-con-full e-flex e-con e-child\" data-id=\"33d0666\" data-element_type=\"container\">\n\t\t\t\t<div class=\"elementor-element elementor-element-feea992 elementor-widget elementor-widget-text-editor\" data-id=\"feea992\" data-element_type=\"widget\" data-widget_type=\"text-editor.default\">\n\t\t\t\t<div class=\"elementor-widget-container\">\n\t\t\t\t\t\t\t\t\t<h4>Biuro Klubu Sportowego Legendarni Gda\u0144sk<\/h4><p>\u015awi\u0119tokrzyska 25\/117<br \/>80-180 Gda\u0144sk<\/p><p>Spotkanie po wcze\u015bniejszym, telefonicznym um\u00f3wieniu si\u0119.<\/p><p>KRS 0000907678<br \/>NIP 5833432045<br \/>REGON 389255572<\/p>\t\t\t\t\t\t\t\t<\/div>\n\t\t\t\t<\/div>\n\t\t\t\t<\/div>\n\t\t\t\t\t<\/div>\n\t\t\t\t<\/div>\n\t\t\t\t<\/div>\n\t\t","protected":false},"excerpt":{"rendered":"<p>Sprawy organizacyjne i administracyjne Zapisy do klubu, zapisy na obozy i p\u00f3\u0142kolonie, faktury, kadry, marketing, windykacja Marta Marci\u0144ska +48 503 181 152marta.marcinska@legendarni.com [&hellip;]<\/p>\n","protected":false},"author":1,"featured_media":0,"parent":0,"menu_order":0,"comment_status":"closed","ping_status":"closed","template":"","meta":{"footnotes":""},"class_list":["post-1383","page","type-page","status-publish","hentry"],"yoast_head":"<!-- This site is optimized with the Yoast SEO plugin v26.8 - https:\/\/yoast.com\/product\/yoast-seo-wordpress\/ -->\n<title>Kontakt - Legendarni Gda\u0144sk - szk\u00f3\u0142ka pi\u0142karska dla dzieci 4-15 lat w Gda\u0144sku<\/title>\n<meta name=\"robots\" content=\"index, follow, max-snippet:-1, max-image-preview:large, max-video-preview:-1\" \/>\n<link rel=\"canonical\" href=\"https:\/\/legendarni.com\/index.php\/kontakt\/\" \/>\n<meta property=\"og:locale\" content=\"pl_PL\" \/>\n<meta property=\"og:type\" content=\"article\" \/>\n<meta property=\"og:title\" content=\"Kontakt - Legendarni Gda\u0144sk - szk\u00f3\u0142ka pi\u0142karska dla dzieci 4-15 lat w Gda\u0144sku\" \/>\n<meta property=\"og:description\" content=\"Sprawy organizacyjne i administracyjne Zapisy do klubu, zapisy na obozy i p\u00f3\u0142kolonie, faktury, kadry, marketing, windykacja Marta Marci\u0144ska +48 503 181 152marta.marcinska@legendarni.com [&hellip;]\" \/>\n<meta property=\"og:url\" content=\"https:\/\/legendarni.com\/index.php\/kontakt\/\" \/>\n<meta property=\"og:site_name\" content=\"Legendarni Gda\u0144sk - szk\u00f3\u0142ka pi\u0142karska dla dzieci 4-15 lat w Gda\u0144sku\" \/>\n<meta property=\"article:modified_time\" content=\"2026-02-13T21:42:34+00:00\" \/>\n<meta name=\"twitter:card\" content=\"summary_large_image\" \/>\n<meta name=\"twitter:label1\" content=\"Szacowany czas czytania\" \/>\n\t<meta name=\"twitter:data1\" content=\"1 minuta\" \/>\n<script type=\"application\/ld+json\" class=\"yoast-schema-graph\">{\"@context\":\"https:\/\/schema.org\",\"@graph\":[{\"@type\":\"WebPage\",\"@id\":\"https:\/\/legendarni.com\/index.php\/kontakt\/\",\"url\":\"https:\/\/legendarni.com\/index.php\/kontakt\/\",\"name\":\"Kontakt - Legendarni Gda\u0144sk - szk\u00f3\u0142ka pi\u0142karska dla dzieci 4-15 lat w Gda\u0144sku\",\"isPartOf\":{\"@id\":\"https:\/\/legendarni.com\/#website\"},\"datePublished\":\"2026-02-13T19:00:46+00:00\",\"dateModified\":\"2026-02-13T21:42:34+00:00\",\"breadcrumb\":{\"@id\":\"https:\/\/legendarni.com\/index.php\/kontakt\/#breadcrumb\"},\"inLanguage\":\"pl-PL\",\"potentialAction\":[{\"@type\":\"ReadAction\",\"target\":[\"https:\/\/legendarni.com\/index.php\/kontakt\/\"]}]},{\"@type\":\"BreadcrumbList\",\"@id\":\"https:\/\/legendarni.com\/index.php\/kontakt\/#breadcrumb\",\"itemListElement\":[{\"@type\":\"ListItem\",\"position\":1,\"name\":\"Home\",\"item\":\"https:\/\/legendarni.com\/\"},{\"@type\":\"ListItem\",\"position\":2,\"name\":\"Kontakt\"}]},{\"@type\":\"WebSite\",\"@id\":\"https:\/\/legendarni.com\/#website\",\"url\":\"https:\/\/legendarni.com\/\",\"name\":\"Legendarni Gda\u0144sk - szk\u00f3\u0142ka pi\u0142karska dla dzieci 4-15 lat w Gda\u0144sku\",\"description\":\"\",\"publisher\":{\"@id\":\"https:\/\/legendarni.com\/#organization\"},\"potentialAction\":[{\"@type\":\"SearchAction\",\"target\":{\"@type\":\"EntryPoint\",\"urlTemplate\":\"https:\/\/legendarni.com\/?s={search_term_string}\"},\"query-input\":{\"@type\":\"PropertyValueSpecification\",\"valueRequired\":true,\"valueName\":\"search_term_string\"}}],\"inLanguage\":\"pl-PL\"},{\"@type\":\"Organization\",\"@id\":\"https:\/\/legendarni.com\/#organization\",\"name\":\"Legendarni Gda\u0144sk - szk\u00f3\u0142ka pi\u0142karska dla dzieci 4-15 lat w Gda\u0144sku\",\"url\":\"https:\/\/legendarni.com\/\",\"logo\":{\"@type\":\"ImageObject\",\"inLanguage\":\"pl-PL\",\"@id\":\"https:\/\/legendarni.com\/#\/schema\/logo\/image\/\",\"url\":\"https:\/\/legendarni.com\/wp-content\/uploads\/2024\/04\/KS-Legendarni-Gdansk-@2x-kopia-400x119-1.png\",\"contentUrl\":\"https:\/\/legendarni.com\/wp-content\/uploads\/2024\/04\/KS-Legendarni-Gdansk-@2x-kopia-400x119-1.png\",\"width\":400,\"height\":119,\"caption\":\"Legendarni Gda\u0144sk - szk\u00f3\u0142ka pi\u0142karska dla dzieci 4-15 lat w Gda\u0144sku\"},\"image\":{\"@id\":\"https:\/\/legendarni.com\/#\/schema\/logo\/image\/\"}}]}<\/script>\n<!-- \/ Yoast SEO plugin. -->","yoast_head_json":{"title":"Kontakt - Legendarni Gda\u0144sk - szk\u00f3\u0142ka pi\u0142karska dla dzieci 4-15 lat w Gda\u0144sku","robots":{"index":"index","follow":"follow","max-snippet":"max-snippet:-1","max-image-preview":"max-image-preview:large","max-video-preview":"max-video-preview:-1"},"canonical":"https:\/\/legendarni.com\/index.php\/kontakt\/","og_locale":"pl_PL","og_type":"article","og_title":"Kontakt - Legendarni Gda\u0144sk - szk\u00f3\u0142ka pi\u0142karska dla dzieci 4-15 lat w Gda\u0144sku","og_description":"Sprawy organizacyjne i administracyjne Zapisy do klubu, zapisy na obozy i p\u00f3\u0142kolonie, faktury, kadry, marketing, windykacja Marta Marci\u0144ska +48 503 181 152marta.marcinska@legendarni.com [&hellip;]","og_url":"https:\/\/legendarni.com\/index.php\/kontakt\/","og_site_name":"Legendarni Gda\u0144sk - szk\u00f3\u0142ka pi\u0142karska dla dzieci 4-15 lat w Gda\u0144sku","article_modified_time":"2026-02-13T21:42:34+00:00","twitter_card":"summary_large_image","twitter_misc":{"Szacowany czas czytania":"1 minuta"},"schema":{"@context":"https:\/\/schema.org","@graph":[{"@type":"WebPage","@id":"https:\/\/legendarni.com\/index.php\/kontakt\/","url":"https:\/\/legendarni.com\/index.php\/kontakt\/","name":"Kontakt - Legendarni Gda\u0144sk - szk\u00f3\u0142ka pi\u0142karska dla dzieci 4-15 lat w Gda\u0144sku","isPartOf":{"@id":"https:\/\/legendarni.com\/#website"},"datePublished":"2026-02-13T19:00:46+00:00","dateModified":"2026-02-13T21:42:34+00:00","breadcrumb":{"@id":"https:\/\/legendarni.com\/index.php\/kontakt\/#breadcrumb"},"inLanguage":"pl-PL","potentialAction":[{"@type":"ReadAction","target":["https:\/\/legendarni.com\/index.php\/kontakt\/"]}]},{"@type":"BreadcrumbList","@id":"https:\/\/legendarni.com\/index.php\/kontakt\/#breadcrumb","itemListElement":[{"@type":"ListItem","position":1,"name":"Home","item":"https:\/\/legendarni.com\/"},{"@type":"ListItem","position":2,"name":"Kontakt"}]},{"@type":"WebSite","@id":"https:\/\/legendarni.com\/#website","url":"https:\/\/legendarni.com\/","name":"Legendarni Gda\u0144sk - szk\u00f3\u0142ka pi\u0142karska dla dzieci 4-15 lat w Gda\u0144sku","description":"","publisher":{"@id":"https:\/\/legendarni.com\/#organization"},"potentialAction":[{"@type":"SearchAction","target":{"@type":"EntryPoint","urlTemplate":"https:\/\/legendarni.com\/?s={search_term_string}"},"query-input":{"@type":"PropertyValueSpecification","valueRequired":true,"valueName":"search_term_string"}}],"inLanguage":"pl-PL"},{"@type":"Organization","@id":"https:\/\/legendarni.com\/#organization","name":"Legendarni Gda\u0144sk - szk\u00f3\u0142ka pi\u0142karska dla dzieci 4-15 lat w Gda\u0144sku","url":"https:\/\/legendarni.com\/","logo":{"@type":"ImageObject","inLanguage":"pl-PL","@id":"https:\/\/legendarni.com\/#\/schema\/logo\/image\/","url":"https:\/\/legendarni.com\/wp-content\/uploads\/2024\/04\/KS-Legendarni-Gdansk-@2x-kopia-400x119-1.png","contentUrl":"https:\/\/legendarni.com\/wp-content\/uploads\/2024\/04\/KS-Legendarni-Gdansk-@2x-kopia-400x119-1.png","width":400,"height":119,"caption":"Legendarni Gda\u0144sk - szk\u00f3\u0142ka pi\u0142karska dla dzieci 4-15 lat w Gda\u0144sku"},"image":{"@id":"https:\/\/legendarni.com\/#\/schema\/logo\/image\/"}}]}},"_links":{"self":[{"href":"https:\/\/legendarni.com\/index.php\/wp-json\/wp\/v2\/pages\/1383","targetHints":{"allow":["GET"]}}],"collection":[{"href":"https:\/\/legendarni.com\/index.php\/wp-json\/wp\/v2\/pages"}],"about":[{"href":"https:\/\/legendarni.com\/index.php\/wp-json\/wp\/v2\/types\/page"}],"author":[{"embeddable":true,"href":"https:\/\/legendarni.com\/index.php\/wp-json\/wp\/v2\/users\/1"}],"replies":[{"embeddable":true,"href":"https:\/\/legendarni.com\/index.php\/wp-json\/wp\/v2\/comments?post=1383"}],"version-history":[{"count":22,"href":"https:\/\/legendarni.com\/index.php\/wp-json\/wp\/v2\/pages\/1383\/revisions"}],"predecessor-version":[{"id":1427,"href":"https:\/\/legendarni.com\/index.php\/wp-json\/wp\/v2\/pages\/1383\/revisions\/1427"}],"wp:attachment":[{"href":"https:\/\/legendarni.com\/index.php\/wp-json\/wp\/v2\/media?parent=1383"}],"curies":[{"name":"wp","href":"https:\/\/api.w.org\/{rel}","templated":true}]}}